 by 3?
0
Suppose 3*t - 23 - 22 = 4*d, 0 = 5*d. Calculate the remainder when 29 is divided by t.
14
Suppose 0 = -4*c - 2*o + 40, 35 = 5*c + 5*o - 10*o. Let j(h) = -2*h - 1. What is the remainder when c is divided by j(-3)?
4
Suppose -771 = -3*f + 639. Suppose -5*t + f = -3*a, 3*t + 180 = -2*a + a. Calculate the remainder when 21 is divided by (a/(-12))/(-5)*-4.
10
Let i = 4 - 5. Let m(k) = -5*k - 9*k + 1 - 3*k. Calculate the remainder when 53 is divided by m(i).
17
Let u(h) = 2*h**2 - 3*h + 1. Let b(x) = 12*x**3 - x**2 - x + 1. What is the remainder when u(4) is divided by b(1)?
10
Let y = 34 + -27. What is the remainder when 17 is divided by y?
3
Let n = -1 + 10. Let q = n - -9. What is the remainder when q is divided by ((-7)/14)/((-2)/28)?
4
Let y(t) = -t**2 + 3*t + 3. Let n be y(4). Let a = 17 + -1. What is the remainder when a is divided by 18/8*(n - -5)?
7
Let x be ((-3)/1)/(3/(-54)). Suppose -5*j - x - 6 = 0. What is the remainder when (14/8)/((-3)/j) is divided by 4?
3
Calculate the remainder when ((-24)/(-5))/((-3)/(-10)) is divided by 6.
4
Suppose 5*w = -0*w + 115. Suppose w = 4*m - 105. What is the remainder when m is divided by 11?
10
Let k(n) = 6*n + 20. What is the remainder when k(0) is divided by 7?
6
Suppose -3*s = 12, -5*p + 2*s = -2*s - 36. Suppose -t - p*t = v - 98, t - 34 = -5*v. Calculate the remainder when t is divided by 6 - 0 - -2 - 1.
5
Let f(s) = 5*s - 1. Let x be f(1). Suppose 3*i = -5*p + 48, -3*i + 0*i + 2*p = -27. Calculate the remainder when 30 - x/(-2) - 1 is divided by i.
9
Calculate the remainder when 17 is divided by (-4)/((-2)/(4 - 2)).
1
Suppose -3*j + 2*q + 7 = -15, 5*j - 34 = 4*q. Calculate the remainder when 28 is divided by j.
8
Let r(v) = -6*v + 4. Calculate the remainder when r(-6) is divided by 14.
12
Suppose 3*f - 8 = 5*f. Let t(q) = 2*q - 8. Calculate the remainder when 7 + (-6)/(-3) + f is divided by t(6).
1
Suppose 8*g - 26 + 10 = 0. Calculate the remainder when 9 is divided by g.
1
Let z be -6*(-1)/((-6)/(-28)). Let a = z + -15. Calculate the remainder when 25 is divided by a.
12
What is the remainder when 22 is divided by (-3)/(-7) + -4*(-318)/168?
6
Let u = -2 - -4. What is the remainder when 5 is divided by u*2/(-4)*-3?
2
Calculate the remainder when 3*4 - (4 - 2) is divided by 2/(-5) - ((-210)/25 - -2).
4
Suppose -l + 3*u - 14 = -2*l, 5*l = -5*u + 30. Suppose -2*a = l*a - 12. What is the remainder when 5 is divided by a?
2
Let u(w) = -10*w - 4. What is the remainder when u(-5) is divided by (-3 + -1)/((-1)/3)?
10
Suppose 0 = -5*c + 4*c - 3*m - 8, 5*c = 2*m + 28. Let s = -7 - -7. Suppose 4*v - 20 - 16 = s. Calculate the remainder when v is divided by c.
1
Let u(h) be the third derivative of h**5/15 + h**4/12 + h**3/6 - 3*h**2. What is the remainder when 38 is divided by u(-2)?
12
Suppose -5*f = -36 - 34. Let t = f - 37. Let m = -12 - t. What is the remainder when m is divided by 4?
3
Let b(c) = -c + 16. What is the remainder when 31 is divided by b(8)?
7
Let u = 16 - 7. Calculate the remainder when 34 is divided by u.
7
Let y = -10 + 136. Calculate the remainder when y is divided by 33.
27
Suppose 20*l + 159 = 21*l. What is the remainder when l is divided by 40?
39
Let k = 82 - 45. Suppose -29 = 2*j - 2*s + 3*s, 4*j = -3*s - 53. Let z = k + j. What is the remainder when z is divided by 11?
9
Let q(n) = -176*n - 1. Let h be q(1). What is the remainder when h/3*(2 + -3) is divided by 20?
19
Suppose 2*i = -2*n + n - 6, 3*n + 4*i = -10. Let q be 32/6 + n/3. What is the remainder when 26 is divided by q/3*18/4?
8
Suppose -3*d = 5*f - 175, 2*f + 2*f - 3*d - 113 = 0. Calculate the remainder when 61 is divided by f.
29
Let j = 37 + -19. What is the remainder when j is divided by 7?
4
Suppose 2*r + q - 86 = 2*q, 4*r - 164 = -2*q. What is the remainder when r is divided by 22?
20
Suppose 0*i + 111 = 3*i. Suppose -3*f + 52 = f. Calculate the remainder when i is divided by f.
11
Let w(t) = -t**3 + 5*t**2 - 4*t + 4. Let c be w(4). Suppose -c*y - 6 = -2. Calculate the remainder when 23 is divided by 10 + (-6)/(3*y).
11
Suppose s - 4*j - 16 = 14, 0 = -2*s - 5*j + 21. What is the remainder when s is divided by 10?
8
Let k be (-3)/(-6) + (-2)/4. Suppose -4 + 55 = 3*v + 5*d, -5*v - 2*d + 66 = k. Let f(h) = -h**2 - 13*h - 5. What is the remainder when f(-5) is divided by v?
11
Suppose 5*q - 4*q - 3*l = 20, 2*q + 5*l - 29 = 0. Calculate the remainder when q is divided by (1/(-2))/((-1)/12).
5
Suppose 11 + 9 = 5*h. Suppose -h*r + 103 = 5*b, -b = -4*b - 2*r + 61. Suppose 3*t + 6 = t, 5*z - t - 188 = 0. What is the remainder when z is divided by b?
18
Suppose 4*f = 4*o - 8, 5*f + 10 = 35. Calculate the remainder when 26 is divided by o.
5
Suppose -5*m = -12 - 3. Suppose m*z + h - 279 = 0, z + 5*h - 35 = 44. What is the remainder when z is divided by 32?
30
Suppose m - 7 = -4. Suppose -v = -5*w - 14, 0*v + v - 4*w - 14 = 0. Suppose -2*o = -0*o - v. What is the remainder when o is divided by m?
1
Suppose -32*y + 27*y + 145 = 0. Calculate the remainder when y is divided by 10.
9
Suppose -11*p = 8*p - 665. What is the remainder when 241 is divided by p?
31
Suppose -10*v - 102 = -16*v. What is the remainder when 65 is divided by v?
14
Let w = -33 - -61. Calculate the remainder when w is divided by 10.
8
Let j = -22 - -46. Let s = 17 - 31. Let z = j + s. What is the remainder when 27 is divided by z?
7
Let z be ((-94)/4)/(4/8). Let p = z - -129. Suppose -4*k + 28 = -3*k. Calculate the remainder when p is divided by k.
26
Suppose -4*l - 3*w + 47 = 0, 11*l - 8*l - 3*w - 9 = 0. Calculate the remainder when 25 is divided by l.
1
Let g be 10/((5 - 3) + 0). Suppose -7*s = -g*s - 92. Calculate the remainder when s is divided by 12.
10
Suppose 0 = 2*q - 6*x + x - 19, -37 = -5*q + 2*x. Let k be 378/q - (1 - -1). Let m = -31 + k. What is the remainder when m is divided by 6?
3
Suppose 2*y - 4*f = 2 + 26, -3*y + 4*f + 44 = 0. What is the remainder when 31 is divided by y?
15
Let s(o) = -o**3 - 4*o**2 + 2*o + 2. Let w be s(2). Let q = w - -31. Let i = -3 - -8. What is the remainder when q is divided by i?
3
Let c be (-6)/8 - 30/(-8). Suppose x = 5*v - 32, 2*v = -v + c*x + 24. What is the remainder when v is divided by 8/5 + 2/5?
0
Let y(t) = -15*t - 4. Let z be 3 - ((-2 - 1) + 8). Calculate the remainder when y(z) is divided by 14.
12
Suppose -3*i = -3*a + i + 38, -5*a - 3*i + 15 = 0. Let f(k) = -7 + k**2 - 2*k**3 + k**3 + 5*k**2 + 2 - 3*k. What is the remainder when f(4) is divided by a?
3
Let h = 36 + -22. What is the remainder when 41 is divided by h?
13
Let k(v) = -3*v**2 + 9*v + 5. Let d be k(7). Let i = -50 - d. What is the remainder when i is divided by 15?
14
What is the remainder when 56 is divided by (5/4 - 0)/((-4)/(-96))?
26
Let x = -12 + 28. Suppose -4*h + 7 + 29 = 0. Let w = 18 - h. What is the remainder when x is divided by w?
7
What is the remainder when 67 is divided by 3*(1 - (-32)/3)?
32
Suppose 5*f - 51 = -a + 110, f = -4*a + 36. What is the remainder when f is divided by 11?
10
Let x be (18/(-3) + 0)*-2. Let i = x + -10. Calculate the remainder when 4 is divided by i.
0
Let q(o) = 4*o. Suppose -24 = -4*l + 4*w, 5*w + 29 = l + 3*l. Suppose 0 = h + 3*z + 6 - 2, -3*h = 2*z - 23. What is the remainder when h is divided by q(l)?
3
Let p be ((-30)/(-4))/(6/8). Suppose -t + p = 2. Suppose 0 = 3*y - 7 - t. What is the remainder when 9 is divided by y?
4
Let y be (-10)/(-45) - 102/(-27). Suppose -y*t + 30 = t. Calculate the remainder when 16 is divided by t.
4
Suppose -z + o - 74 = -2*z, -2*z = 3*o - 146. Suppose 4*k + z = 5*t + k, 3*t = -2*k + 38. Calculate the remainder when 173/7 - 2/(-7) is divided by t.
11
Let o(u) = -43*u - 3. What is the remainder when o(-1) is divided by 7?
5
Let m be 2/7 - 99/(-21). Suppose 0*w = m*w. Suppose p - 47 = -w*p. Calculate the remainder when p is divided by 16.
15
Suppose 5*z + 20 + 5 = -5*k, -2*z = 5*k + 25. Suppose 3*g + z*g = -c + 10, 2*g = 4*c + 30. Calculate the remainder when 17 is divided by g.
2
Calculate the remainder when 3/3*17 + 2 + 1 is divided by 2.
0
Let o(v) be the first derivative of 0*v**3 - 1 + 0*v - v**4 - 1/2*v**2. What is the remainder when 14 is divided by o(-1)?
4
Let o = -2 + 21. Suppose -2*y = -3*i - 68 - 28, 4*y + 5*i - 236 = 0. Calculate the remainder 